{"id":24,"date":"2011-02-23T13:37:41","date_gmt":"2011-02-23T13:37:41","guid":{"rendered":"http:\/\/arbetarkultur.se\/?page_id=24"},"modified":"2025-09-08T05:48:19","modified_gmt":"2025-09-08T05:48:19","slug":"kontakt","status":"publish","type":"page","link":"https:\/\/arbetarkultur.se\/?page_id=24","title":{"rendered":"Styrelsen"},"content":{"rendered":"<p><strong>Kjersti Bosdotter<\/strong>, ordf\u00f6rande<br \/>tel 070-571 98 95<br \/><a href=\"mailto:kjersti.bosdotter@ifmetall.se\">kjersti.bosdotter@ifmetall.se<\/a><\/p>\n<p><strong>Anne-Marie Lindgren<\/strong>, vice ordf\u00f6rande<br \/><a href=\"mailto:anne.marie.christina.lindgren@gmail.com\">anne.marie.christina.lindgren@gmail.com <\/a><\/p>\n<p><strong>Jonny Jakobsson, <\/strong>skattm\u00e4stare<br \/><a href=\"mailto:jonjaksson@gmail.com\">jonjaksson@gmail.com<\/a><\/p>\n<p><strong>Dan Nyberg<\/strong>, sekreterare<strong><br \/><\/strong><a href=\"mailto:dannyberg@hotmail.com\">dannyberg@hotmail.com<\/a><\/p>\n<p><strong>Fredrik Jansson<\/strong><\/p>\n<p><strong>Joakim Johansson<\/strong><\/p>\n<p><strong>Lotta Rundqvist<br \/><\/strong><a href=\"mailto:lottamaykarin@hotmail.com\">lottamaykarin@hotmail.com<\/a><\/p>\n<p><strong>Daniel Roxstr\u00f6m<\/strong><\/p>\n<p><strong>Bjarne Isacson<\/strong><br \/><a href=\"mailto:bjarne.isacson@gmail.com\">bjarne.isacson@gmail.com<\/a><\/p>\n<p><strong>Ruben W\u00e5gman<\/strong>, sekreterare<strong><br \/><\/strong><a href=\"mailto:ruben.wagman@hotmail.com\">ruben.wagman@hotmail.com<\/a><\/p>\n<p><strong>Louise Thunstr\u00f6m<\/strong><\/p>\n\n\n<p><\/p>\n","protected":false},"excerpt":{"rendered":"<p>Kjersti Bosdotter, ordf\u00f6randetel 070-571 98 95kjersti.bosdotter@ifmetall.se Anne-Marie Lindgren, vice ordf\u00f6randeanne.marie.christina.lindgren@gmail.com Jonny Jakobsson, skattm\u00e4starejonjaksson@gmail.com Dan Nyberg, sekreteraredannyberg@hotmail.com Fredrik Jansson Joakim Johansson Lotta Rundqvistlottamaykarin@hotmail.com Daniel Roxstr\u00f6m&#8230;<\/p>\n","protected":false},"author":1,"featured_media":0,"parent":0,"menu_order":0,"comment_status":"closed","ping_status":"open","template":"","meta":{"footnotes":""},"class_list":["post-24","page","type-page","status-publish","hentry"],"_links":{"self":[{"href":"https:\/\/arbetarkultur.se\/index.php?rest_route=\/wp\/v2\/pages\/24","targetHints":{"allow":["GET"]}}],"collection":[{"href":"https:\/\/arbetarkultur.se\/index.php?rest_route=\/wp\/v2\/pages"}],"about":[{"href":"https:\/\/arbetarkultur.se\/index.php?rest_route=\/wp\/v2\/types\/page"}],"author":[{"embeddable":true,"href":"https:\/\/arbetarkultur.se\/index.php?rest_route=\/wp\/v2\/users\/1"}],"replies":[{"embeddable":true,"href":"https:\/\/arbetarkultur.se\/index.php?rest_route=%2Fwp%2Fv2%2Fcomments&post=24"}],"version-history":[{"count":32,"href":"https:\/\/arbetarkultur.se\/index.php?rest_route=\/wp\/v2\/pages\/24\/revisions"}],"predecessor-version":[{"id":1718,"href":"https:\/\/arbetarkultur.se\/index.php?rest_route=\/wp\/v2\/pages\/24\/revisions\/1718"}],"wp:attachment":[{"href":"https:\/\/arbetarkultur.se\/index.php?rest_route=%2Fwp%2Fv2%2Fmedia&parent=24"}],"curies":[{"name":"wp","href":"https:\/\/api.w.org\/{rel}","templated":true}]}}