{"id":843,"date":"2022-12-12T10:43:16","date_gmt":"2022-12-12T10:43:16","guid":{"rendered":"https:\/\/arbetarkultur.se\/?page_id=843"},"modified":"2025-12-10T14:25:42","modified_gmt":"2025-12-10T14:25:42","slug":"kalendarium","status":"publish","type":"page","link":"https:\/\/arbetarkultur.se\/?page_id=843","title":{"rendered":"Kalendarium"},"content":{"rendered":"\n<p>H\u00e4r listar vi kommande \u00f6ppna f\u00f6rel\u00e4sningar, konferenser, vandringar och s\u00e5 vidare som Arbetarnas Kulturhistoriska S\u00e4llskap \u00e4r med och arrangerar.<\/p>\n\n\n\n<p><strong>December 2025<\/strong><\/p>\n\n\n\n<p><strong><a href=\"https:\/\/arbark.se\/sv\/events\/goran-ryden-det-stora-jernsystemet\/\">G\u00f6ran Ryd\u00e9n: Det stora Jernsystemet<\/a><\/strong><br><strong>Tid:<\/strong> Onsdag 3 december kl 18:00<br><strong>Plats:<\/strong> ABF-huset, Sveav\u00e4gen 41, Stockholm<\/p>\n\n\n\n<p><strong><a href=\"https:\/\/arbark.se\/sv\/events\/vad-blev-det-av-socialismen-svensk-socialdemokrati-under-hundra-ar\/\">Vad blev det av socialismen? Svensk socialdemokrati under hundra \u00e5r<\/a><\/strong><br><strong>Tid: <\/strong>Tisdag 9 december kl 18:00<br><strong>Plats: <\/strong>Zoom (via ARAB:s hemsida, klicka p\u00e5 l\u00e4nken i rubriken)<\/p>\n","protected":false},"excerpt":{"rendered":"<p>H\u00e4r listar vi kommande \u00f6ppna f\u00f6rel\u00e4sningar, konferenser, vandringar och s\u00e5 vidare som Arbetarnas Kulturhistoriska S\u00e4llskap \u00e4r med och arrangerar. December 2025 G\u00f6ran Ryd\u00e9n: Det&#8230;<\/p>\n","protected":false},"author":1,"featured_media":0,"parent":0,"menu_order":0,"comment_status":"closed","ping_status":"closed","template":"","meta":{"footnotes":""},"class_list":["post-843","page","type-page","status-publish","hentry"],"_links":{"self":[{"href":"https:\/\/arbetarkultur.se\/index.php?rest_route=\/wp\/v2\/pages\/843","targetHints":{"allow":["GET"]}}],"collection":[{"href":"https:\/\/arbetarkultur.se\/index.php?rest_route=\/wp\/v2\/pages"}],"about":[{"href":"https:\/\/arbetarkultur.se\/index.php?rest_route=\/wp\/v2\/types\/page"}],"author":[{"embeddable":true,"href":"https:\/\/arbetarkultur.se\/index.php?rest_route=\/wp\/v2\/users\/1"}],"replies":[{"embeddable":true,"href":"https:\/\/arbetarkultur.se\/index.php?rest_route=%2Fwp%2Fv2%2Fcomments&post=843"}],"version-history":[{"count":187,"href":"https:\/\/arbetarkultur.se\/index.php?rest_route=\/wp\/v2\/pages\/843\/revisions"}],"predecessor-version":[{"id":1774,"href":"https:\/\/arbetarkultur.se\/index.php?rest_route=\/wp\/v2\/pages\/843\/revisions\/1774"}],"wp:attachment":[{"href":"https:\/\/arbetarkultur.se\/index.php?rest_route=%2Fwp%2Fv2%2Fmedia&parent=843"}],"curies":[{"name":"wp","href":"https:\/\/api.w.org\/{rel}","templated":true}]}}

<p>Här listar vi kommande öppna föreläsningar, konferenser, vandringar och så vidare som Arbetarnas Kulturhistoriska Sällskap är med och arrangerar.</p>



<p><strong>December 2025</strong></p>



<p><strong><a href="https://arbark.se/sv/events/goran-ryden-det-stora-jernsystemet/">Göran Rydén: Det stora Jernsystemet</a></strong><br><strong>Tid:</strong> Onsdag 3 december kl 18:00<br><strong>Plats:</strong> ABF-huset, Sveavägen 41, Stockholm</p>



<p><strong><a href="https://arbark.se/sv/events/vad-blev-det-av-socialismen-svensk-socialdemokrati-under-hundra-ar/">Vad blev det av socialismen? Svensk socialdemokrati under hundra år</a></strong><br><strong>Tid: </strong>Tisdag 9 december kl 18:00<br><strong>Plats: </strong>Zoom (via ARAB:s hemsida, klicka på länken i rubriken)</p>

<p>Här listar vi kommande öppna föreläsningar, konferenser, vandringar och så vidare som Arbetarnas Kulturhistoriska Sällskap är med och arrangerar. December 2025 Göran Rydén: Det&#8230;</p>
